osite?
False
Is 571535207 prime?
False
Is 7487191483 a composite number?
True
Is 92091887359 prime?
False
Is 974873366 prime?
False
Is 205667385821 composite?
False
Is 385882503 a composite number?
True
Is 1571405987 prime?
True
Is 8684604761 a prime number?
False
Is 1983909013 a composite number?
True
Is 5679233671 a prime number?
True
Is 5133632117 prime?
True
Is 205862551 prime?
True
Is 659886746 a composite number?
True
Is 4060078279 a prime number?
True
Is 60269217639 composite?
True
Is 1906139713 prime?
False
Is 244763965519 a prime number?
True
Is 9464737939 composite?
False
Is 162788867 a composite number?
False
Is 1697558003 composite?
False
Is 8696631551 prime?
False
Is 582293879 a prime number?
False
Is 2733639313 a prime number?
False
Is 12912068438 a prime number?
False
Is 3220347503 a prime number?
False
Is 116092391027 prime?
False
Is 27284782039 a composite number?
True
Is 25270369503 a prime number?
False
Is 3298586467 a prime number?
False
Is 24770063243 a composite number?
True
Is 25058636023 composite?
True
Is 177690631109 prime?
False
Is 1000083859 a prime number?
True
Is 442818791 a composite number?
False
Is 2786697913 a prime number?
True
Is 1143628433 a prime number?
False
Is 84371659903 prime?
False
Is 58401767 a composite number?
False
Is 2059678433 a composite number?
True
Is 1393041841 a prime number?
True
Is 1718585003 a composite number?
False
Is 54660740234 composite?
True
Is 43736367145 prime?
False
Is 32762598539 a composite number?
True
Is 3884865029 a composite number?
True
Is 11430560077 composite?
False
Is 29525282557 composite?
False
Is 2539248227 composite?
False
Is 51992662961 a composite number?
True
Is 107781209 a composite number?
False
Is 411801053 composite?
False
Is 6106399241 composite?
False
Is 55733227978 a prime number?
False
Is 8686989499 a prime number?
True
Is 31287321319 composite?
False
Is 2664157739 a composite number?
False
Is 290122699 prime?
False
Is 1025238311 a prime number?
True
Is 175151987 composite?
False
Is 3822389 a composite number?
True
Is 8732924867 composite?
False
Is 159498286733 prime?
True
Is 19243940737 a prime number?
False
Is 3028433453 prime?
True
Is 7496861327 a prime number?
True
Is 146917987 a composite number?
True
Is 741385459 prime?
True
Is 38785149467 composite?
False
Is 1373085251 a composite number?
True
Is 1173140933 a prime number?
True
Is 41409794563 prime?
True
Is 56305847887 a composite number?
False
Is 3675675886 a prime number?
False
Is 18866529689 a composite number?
True
Is 299067649 composite?
False
Is 8556903533 composite?
False
Is 7304350973 a composite number?
False
Is 28762681001 prime?
True
Is 50933711567 prime?
True
Is 18889745579 a composite number?
False
Is 36207735971 composite?
True
Is 21308014927 a composite number?
True
Is 490967993 a prime number?
False
Is 168848500595 a composite number?
True
Is 714006703 prime?
True
Is 18553433087 composite?
True
Is 415418077 a prime number?
True
Is 97472415121 composite?
False
Is 114655525117 prime?
False
Is 11541217033 a prime number?
False
Is 459786935029 a composite number?
False
Is 1641126301 prime?
False
Is 268986871 composite?
False
Is 4671909071 a prime number?
True
Is 342381731 composite?
True
Is 1627959493 a prime number?
True
Is 649980431 a composite number?
True
Is 1443157127 a prime number?
True
Is 2760084973 a prime number?
True
Is 3637195937 prime?
True
Is 543553508689 a prime number?
True
Is 3267879421 prime?
True
Is 1918622867 a prime number?
False
Is 40951863599 a prime number?
False
Is 1112983841 prime?
True
Is 137872001 a composite number?
False
Is 8279850377 composite?
True
Is 2169696839 a prime number?
False
Is 5814745571 a composite number?
False
Is 71146877 composite?
False
Is 111994000343 a composite number?
False
Is 205509319 composite?
False
Is 4706067217 composite?
False
Is 2289696833 a composite number?
True
Is 1905112249 a composite number?
True
Is 285907879 a composite number?
False
Is 53981639 a composite number?
True
Is 1723661003 prime?
False
Is 76346021 prime?
False
Is 34403907407 composite?
False
Is 21337000693 composite?
True
Is 4397217577 a composite number?
False
Is 57322478819 prime?
True
Is 115956626243 composite?
False
Is 1875388813 a composite number?
True
Is 8779075577 composite?
False
Is 13829514766 a composite number?
True
Is 70591721 composite?
True
Is 5626065589 a prime number?
False
Is 418026223 composite?
False
Is 5388017143 a prime number?
False
Is 15512232713 prime?
True
Is 1265914603 a composite number?
False
Is 21035197409 composite?
True
Is 336495677 composite?
True
Is 1589288485 composite?
True
Is 32755824527 prime?
False
Is 1677293113 prime?
True
Is 13699969769 composite?
False
Is 5955270229 prime?
False
Is 43103971 a prime number?
True
Is 36766783499 a prime number?
True
Is 27014942023 a prime number?
True
Is 6164009011 a composite number?
True
Is 125978219803 prime?
True
Is 5200242647 prime?
True
Is 46837723 a composite number?
False
Is 52113611111 a prime number?
False
Is 267172884419 prime?
False
Is 13627906007 a composite number?
False
Is 2136855811 a prime number?
False
Is 932238695 a composite number?
True
Is 4977211097 a composite number?
True
Is 525892993 a prime number?
True
Is 55398687611 a composite number?
False
Is 35613501601 prime?
False
Is 465883217 composite?
True
Is 2281518367 composite?
False
Is 1003377153 composite?
True
Is 142798623307 prime?
False
Is 20483214421 prime?
True
Is 390992983 composite?
False
Is 64885577 a composite number?
False
Is 4379403421 composite?
True
Is 23891881331 composite?
True
Is 8684379769 composite?
True
Is 301278407 a prime number?
True
Is 2925072289 a composite number?
True
Is 184701437 composite?
False
Is 1623185321 a prime number?
True
Is 7151527573 a composite number?
True
Is 569384262938 a prime number?
False
Is 49545983 prime?
False
Is 1320107183 a prime number?
True
Is 81509226061 a prime number?
False
Is 7725495563 a composite number?
False
Is 37022895823 a composite number?
False
Is 114451072397 a composite number?
False
Is 64273752523 a prime number?
True
Is 4106412547 a composite number?
False
Is 4980087181 composite?
True
Is 914431939 composite?
True
Is 57080148733 a composite number?
False
Is 16809386603 a prime number?
True
Is 65814403 a prime number?
False
Is 63756256319 prime?
False
Is 556560769 a prime number?
False
Is 1582871623 prime?
True
Is 42044244029 a composite number?
False
Is 741748571 composite?
False
Is 5279844677 a composite number?
True
Is 13756751243 a composite number?
True
Is 17990704991 a prime number?
False
Is 145234859257 prime?
False
Is 46001117159 prime?
True
Is 267997879 prime?
False
Is 17451610477 composite?
True
Is 682105213 composite?
False
Is 98597416339 composite?
False
Is 2040727879 prime?
False
Is 232196267 a composite number?
False
Is 22332597913 a prime number?
True
Is 98702840447 composite?
True
Is 1339764761 a composite number?
False
Is 187260776693 prime?
False
Is 3038333223 composite?
True
Is 8466389 prime?
True
Is 42412712477 prime?
True
Is 22610708437 a composite number?
True
Is 1414350949 prime?
False
Is 949492121 prime?
True
Is 952475057 prime?
False
Is 1079419213 a composite number?
False
Is 1518051881 prime?
True
Is 769042259 a prime number?
True
Is 57501601727 composite?
True
Is 15188495183 composite?
True
Is 58280797753 a prime number?
True
Is 262193105333 a prime number?
True
Is 99125300909 composite?
False
Is 31513147 composite?
False
Is 1213608827 a prime number?
True
Is 50297189 a prime number?
True
Is 4019589781 composite?
False
Is 6951166009 composite?
False
Is 5309944063 prime?
True
Is 1805177039 a prime number?
False
Is 6195216763 a composite number?
True
Is 8081161937 a composite number?
True
Is 1612060027 prime?
True
Is 12029171159 a prime number?
False
Is 20581654871 prime?
True
Is 27675997879 composite?
True
Is 40475766881 prime?
False
Is 441563281 composite?
False
Is 3907860173 a prime number?
False
Is 50854800251 prime?
False
Is 61355117 a composite number?
False
Is 5309518579 prime?
True
Is 6186870101 a composite number?
False
Is 3995302439 a composite number?
True
Is 5973091 a prime number?
False
Is 6528651037 composite?
False
Is 466746941 composite?
True
Is 10149090817 prime?
True
Is 5528627161 composite?
True
Is 7